{"id":641,"date":"2023-02-27T17:17:54","date_gmt":"2023-02-27T14:17:54","guid":{"rendered":"https:\/\/amerikadil.com\/?page_id=641"},"modified":"2023-02-27T17:50:33","modified_gmt":"2023-02-27T14:50:33","slug":"cincinnati-amerika-sehir-rehberi","status":"publish","type":"page","link":"https:\/\/amerikadil.com\/?page_id=641","title":{"rendered":"Cincinnati \u2013 Amerika \u2013 \u015eehir Rehberi"},"content":{"rendered":"\t\t<div data-elementor-type=\"wp-page\" data-elementor-id=\"641\" class=\"elementor elementor-641\">\n\t\t\t\t\t\t\t\t\t<section class=\"elementor-section elementor-top-section elementor-element elementor-element-ef3fb68 elementor-section-boxed elementor-section-height-default elementor-section-height-default\" data-id=\"ef3fb68\" data-element_type=\"section\">\n\t\t\t\t\t\t<div class=\"elementor-container elementor-column-gap-default\">\n\t\t\t\t\t<div class=\"elementor-column elementor-col-100 elementor-top-column elementor-element elementor-element-7879293\" data-id=\"7879293\" data-element_type=\"column\">\n\t\t\t<div class=\"elementor-widget-wrap elementor-element-populated\">\n\t\t\t\t\t\t\t\t<div class=\"elementor-element elementor-element-0ffb29b elementor-widget elementor-widget-image\" data-id=\"0ffb29b\" data-element_type=\"widget\" data-widget_type=\"image.default\">\n\t\t\t\t<div class=\"elementor-widget-container\">\n\t\t\t<style>\/*! elementor - v3.11.1 - 15-02-2023 *\/\n.elementor-widget-image{text-align:center}.elementor-widget-image a{display:inline-block}.elementor-widget-image a img[src$=\".svg\"]{width:48px}.elementor-widget-image img{vertical-align:middle;display:inline-block}<\/style>\t\t\t\t\t\t\t\t\t\t\t\t<img loading=\"lazy\" decoding=\"async\" width=\"400\" height=\"300\" src=\"https:\/\/amerikadil.com\/wp-content\/uploads\/2023\/02\/Cincinnati-1.png\" class=\"attachment-medium_large size-medium_large wp-image-642\" alt=\"\" srcset=\"https:\/\/amerikadil.com\/wp-content\/uploads\/2023\/02\/Cincinnati-1.png 400w, https:\/\/amerikadil.com\/wp-content\/uploads\/2023\/02\/Cincinnati-1-300x225.png 300w\" sizes=\"auto, (max-width: 400px) 100vw, 400px\" \/>\t\t\t\t\t\t\t\t\t\t\t\t\t\t\t<\/div>\n\t\t\t\t<\/div>\n\t\t\t\t\t<\/div>\n\t\t<\/div>\n\t\t\t\t\t\t\t<\/div>\n\t\t<\/section>\n\t\t\t\t<section class=\"elementor-section elementor-top-section elementor-element elementor-element-92299e0 elementor-section-boxed elementor-section-height-default elementor-section-height-default\" data-id=\"92299e0\" data-element_type=\"section\">\n\t\t\t\t\t\t<div class=\"elementor-container elementor-column-gap-default\">\n\t\t\t\t\t<div class=\"elementor-column elementor-col-100 elementor-top-column elementor-element elementor-element-30c11fa\" data-id=\"30c11fa\" data-element_type=\"column\">\n\t\t\t<div class=\"elementor-widget-wrap elementor-element-populated\">\n\t\t\t\t\t\t\t\t<div class=\"elementor-element elementor-element-e869b0c elementor-widget elementor-widget-heading\" data-id=\"e869b0c\" data-element_type=\"widget\" data-widget_type=\"heading.default\">\n\t\t\t\t<div class=\"elementor-widget-container\">\n\t\t\t<style>\/*! elementor - v3.11.1 - 15-02-2023 *\/\n.elementor-heading-title{padding:0;margin:0;line-height:1}.elementor-widget-heading .elementor-heading-title[class*=elementor-size-]>a{color:inherit;font-size:inherit;line-height:inherit}.elementor-widget-heading .elementor-heading-title.elementor-size-small{font-size:15px}.elementor-widget-heading .elementor-heading-title.elementor-size-medium{font-size:19px}.elementor-widget-heading .elementor-heading-title.elementor-size-large{font-size:29px}.elementor-widget-heading .elementor-heading-title.elementor-size-xl{font-size:39px}.elementor-widget-heading .elementor-heading-title.elementor-size-xxl{font-size:59px}<\/style><h2 class=\"elementor-heading-title elementor-size-default\">CINCINNATI<\/h2>\t\t<\/div>\n\t\t\t\t<\/div>\n\t\t\t\t\t<\/div>\n\t\t<\/div>\n\t\t\t\t\t\t\t<\/div>\n\t\t<\/section>\n\t\t\t\t<section class=\"elementor-section elementor-top-section elementor-element elementor-element-3b8132d elementor-section-boxed elementor-section-height-default elementor-section-height-default\" data-id=\"3b8132d\" data-element_type=\"section\">\n\t\t\t\t\t\t<div class=\"elementor-container elementor-column-gap-default\">\n\t\t\t\t\t<div class=\"elementor-column elementor-col-100 elementor-top-column elementor-element elementor-element-1016378\" data-id=\"1016378\" data-element_type=\"column\">\n\t\t\t<div class=\"elementor-widget-wrap elementor-element-populated\">\n\t\t\t\t\t\t\t\t<div class=\"elementor-element elementor-element-cfea6e7 elementor-widget elementor-widget-wp-widget-text\" data-id=\"cfea6e7\" data-element_type=\"widget\" data-widget_type=\"wp-widget-text.default\">\n\t\t\t\t<div class=\"elementor-widget-container\">\n\t\t\t\t\t\t<div class=\"textwidget\"><p>Cincinnati, ABD&#039;nin Ohio eyaletinde yer alan ve Ohio Nehri&#039;nin k\u0131y\u0131s\u0131nda konumlanm\u0131\u015f bir \u015fehirdir. \u015eehir, end\u00fcstriyel tarihinden ve zengin k\u00fclt\u00fcrel miras\u0131 ile bilinir. Cincinnati, \u00e7e\u015fitli aktiviteler sunan ve tarihi yerleriyle bilinen bir turizm merkezidir. \u015eehir; m\u00fczeler, tiyatrolar, sanat galerileri ve yemek se\u00e7enekleri a\u00e7\u0131s\u0131ndan olduk\u00e7a zengindir. Cincinnati&#039;nin tarihi yerlerinden biri de Over-the-Rhine b\u00f6lgesidir. Buras\u0131 1800&#039;lerin sonlar\u0131nda Alman g\u00f6\u00e7menlerin yerle\u015fti\u011fi bir b\u00f6lgedir. G\u00fcn\u00fcm\u00fczde; tarihi yap\u0131lar, butik ma\u011fazalar, restoranlar ve barlarla doludur.<\/p>\n<p>Cincinnati&#039;deki di\u011fer \u00f6nemli yerler aras\u0131nda Cincinnati Sanat M\u00fczesi, Amerikan Film Enstit\u00fcs\u00fc Tiyatro ve M\u00fczesi, Cincinnati Kraliyet Bah\u00e7eleri ve Cincinnati Do\u011fa Merkezi yer almaktad\u0131r.<\/p>\n<p>\u015eehrin me\u015fhur yeme\u011fi de &quot;Cincinnati chili&quot; ad\u0131 verilen bir yemektir. Bu yemek, makarna, s\u0131\u011f\u0131r eti, so\u011fan ve baharatlar\u0131n birle\u015ftirilmesiyle yap\u0131lan ve bir\u00e7ok restoranda servis edilen bir \u00f6zelli\u011fe sahiptir.<\/p>\n<p>Cincinnati, spor tak\u0131mlar\u0131yla da tan\u0131n\u0131r. Cincinnati Bengals, NFL tak\u0131m\u0131 ve Cincinnati Reds, MLB tak\u0131m\u0131d\u0131r. Her iki tak\u0131m da Great American Ball Park&#039;ta ma\u00e7lar\u0131n\u0131 oynarlar.<\/p>\n<p>Cincinnati, Ohio Nehri&#039;nin k\u0131y\u0131s\u0131nda bulunmas\u0131 ve tarihi dokusuyla ziyaret\u00e7iler i\u00e7in keyifli bir destinasyondur. \u015eehirde her ya\u015fa ve her ilgi alan\u0131na uygun etkinlikler bulunmaktad\u0131r.<\/p>\n<p><strong>Tarihi:<\/strong> \u0130lk kez 1788 y\u0131l\u0131nda yerle\u015fimci John Cleves Symmes taraf\u0131ndan kurulmu\u015ftur ve 1802 y\u0131l\u0131nda resmi olarak bir \u015fehir olarak ilan edilmi\u015ftir. \u015eehir, 19. y\u00fczy\u0131lda \u00f6nemli bir sanayi merkezi haline geldi ve zengin end\u00fcstriyel miras\u0131n\u0131 g\u00fcn\u00fcm\u00fcze kadar korumaktad\u0131r.<\/p>\n<p>Cincinnati&#039;nin tarihi, ayn\u0131 zamanda k\u00f6leli\u011fin ve k\u00f6le kar\u015f\u0131t\u0131 m\u00fccadelenin de bir par\u00e7as\u0131d\u0131r. \u015eehir, Amerika Birle\u015fik Devletleri&#039;nin kuzeyindeki en b\u00fcy\u00fck k\u00f6le pazarlar\u0131ndan birine ev sahipli\u011fi yapt\u0131 bu s\u00fcre\u00e7ten sonra 1829 y\u0131l\u0131nda, Cincinnati&#039;deki bir grup k\u00f6le kar\u015f\u0131t\u0131 aktivist, Ohio Nehri \u00fczerinden Kentucky&#039;ye ge\u00e7mek \u00fczere olan bir k\u00f6le gemisini durdurdu. Bu olay, k\u00f6le kar\u015f\u0131t\u0131 m\u00fccadelede \u00f6nemli bir d\u00f6n\u00fcm noktas\u0131 olarak kabul edilir. G\u00fcn\u00fcm\u00fczde National Underground Railroad Freedom Center\u2019da k\u00f6lelikten ka\u00e7anlar i\u00e7in g\u00fcvenli bir liman olan Underground Railroad&#039;un tarihini anlatan m\u00fcze, k\u00f6lelik tarihini ve insan haklar\u0131 m\u00fccadelesini ke\u015ffetmek isteyenler i\u00e7in bir ziyaret yeri olarak \u00f6ne \u00e7\u0131kmaktad\u0131r.<\/p>\n<p>Cincinnati Sanat M\u00fczesi, ABD&#039;nin en b\u00fcy\u00fck sanat m\u00fczelerinden biridir ve 67.000&#039;den fazla sanat eseri i\u00e7ermektedir. Amerikan Film Enstit\u00fcs\u00fc Tiyatro ve M\u00fczesi de \u00f6nemli bir k\u00fclt\u00fcr merkezidir.<\/p>\n<p><strong>N\u00fcfusu:<\/strong> 308.000 (2020 y\u0131l\u0131 verilerine g\u00f6re)<br \/>\n<strong>Y\u00fcz \u00d6l\u00e7\u00fcm\u00fc:<\/strong> 206.1 km\u00b2<\/p>\n<p><strong>\u0130klimi: <\/strong>Cincinnati, \u0131l\u0131man bir iklime sahiptir. K\u0131\u015flar so\u011fuk ve kar ya\u011f\u0131\u015fl\u0131, yazlar ise genellikle s\u0131cak ve nemli ge\u00e7er. Appalachian Da\u011flar\u0131&#039;n\u0131n bat\u0131 eteklerinde yer ald\u0131\u011f\u0131ndan, hava sirk\u00fclasyonu nedeniyle k\u0131\u015f aylar\u0131nda zaman zaman dondurucu so\u011fukluklar ya\u015fanabilir.<\/p>\n<p>Yaz aylar\u0131nda, s\u0131cakl\u0131klar ortalama olarak 27-29 derece aras\u0131ndad\u0131r ve s\u0131cak ve nemli bir hava hakimdir. K\u0131\u015f aylar\u0131nda, s\u0131cakl\u0131klar ortalama olarak -6 ila 6 derece aras\u0131nda de\u011fi\u015fir. \u015eehirde kar ya\u011f\u0131\u015f\u0131 yayg\u0131nd\u0131r. Nadiren de olsa \u015fehirde buz f\u0131rt\u0131nalar\u0131 da g\u00f6r\u00fclebilir.<\/p>\n<p>Sonbahar ve ilkbahar aylar\u0131nda, \u0131l\u0131k ve ho\u015f bir hava h\u00fck\u00fcm s\u00fcrer. Bu mevsimlerde, s\u0131cakl\u0131k ortalama olarak 13-20 derece aras\u0131ndad\u0131r ve ya\u011f\u0131\u015fl\u0131 g\u00fcnler daha s\u0131k g\u00f6r\u00fcl\u00fcr.<\/p>\n<p>Genel olarak, Cincinnati&#039;deki hava \u015fartlar\u0131 mevsimlere g\u00f6re de\u011fi\u015fiklik g\u00f6sterir. \u015eehirde d\u00f6rt farkl\u0131 mevsim ya\u015fan\u0131r ve her mevsimin kendine \u00f6zg\u00fc g\u00fczellikleri vard\u0131r.<\/p>\n<p><strong>Ula\u015f\u0131m:<\/strong> Cincinnati, ABD&#039;nin Orta Bat\u0131 b\u00f6lgesindeki bir \u015fehir oldu\u011fu i\u00e7in ula\u015f\u0131m olduk\u00e7a geli\u015fmi\u015ftir. \u015eehirde, yerel halk\u0131n ve ziyaret\u00e7ilerin ihtiya\u00e7lar\u0131n\u0131 kar\u015f\u0131lamak i\u00e7in bir\u00e7ok ula\u015f\u0131m arac\u0131 mevcuttur.<\/p>\n<p>Cincinnati&#039;de en yayg\u0131n ula\u015f\u0131m arac\u0131 araba veya bisiklettir. Ayr\u0131ca, \u015fehirde bir\u00e7ok bisiklet parkuru ve bisiklet yolu bulunmaktad\u0131r. Toplu ta\u015f\u0131ma ara\u00e7lar\u0131 olarak, Metro ad\u0131 verilen bir otob\u00fcs hizmeti mevcuttur. Bu hizmet, \u015fehir merkezi ve \u00e7evresindeki il\u00e7eler aras\u0131nda seyahat etmek i\u00e7in kullan\u0131labilir. Ayr\u0131ca, \u015fehir merkezinde Streetcar ad\u0131 verilen bir tramvay sistemi de bulunmaktad\u0131r.<\/p>\n<p>Cincinnati, Ohio Nehri&#039;nin do\u011fu ve bat\u0131 yakalar\u0131na yerle\u015fmi\u015ftir ve \u015fehir merkezinde iki k\u00f6pr\u00fc bulunur. Bunlardan biri Kentuck eyaleti ile Ohio eyaleti aras\u0131ndaki Roebling K\u00f6pr\u00fcs\u00fc&#039;d\u00fcr. Bu k\u00f6pr\u00fc, tarihi bir k\u00f6pr\u00fcd\u00fcr; yaya, bisiklet ve araba trafi\u011fi i\u00e7in kullan\u0131labilir.<\/p>\n<p><img loading=\"lazy\" decoding=\"async\" src=\"https:\/\/amerikadil.com\/wp-content\/uploads\/2023\/02\/Cincinnati-ULASIM.png\" alt=\"\" width=\"900\" height=\"300\" class=\"alignnone size-full wp-image-643\" srcset=\"https:\/\/amerikadil.com\/wp-content\/uploads\/2023\/02\/Cincinnati-ULASIM.png 900w, https:\/\/amerikadil.com\/wp-content\/uploads\/2023\/02\/Cincinnati-ULASIM-300x100.png 300w, https:\/\/amerikadil.com\/wp-content\/uploads\/2023\/02\/Cincinnati-ULASIM-768x256.png 768w\" sizes=\"auto, (max-width: 900px) 100vw, 900px\" \/><\/p>\n<p>Cincinnati&#039;de ayr\u0131ca, Cincinnati \/ Northern Kentucky Uluslararas\u0131 Havaalan\u0131 ve birka\u00e7 farkl\u0131 tren istasyonu bulunmaktad\u0131r ve ziyaret\u00e7ilerin \u015fehirde kolayca hareket etmelerini sa\u011flayacak bir\u00e7ok se\u00e7enek sunar.<\/p>\n<p><strong>Yemek K\u00fclt\u00fcr\u00fc:<\/strong> Cincinnati, Amerikan yemek k\u00fclt\u00fcr\u00fcn\u00fcn yan\u0131 s\u0131ra, b\u00f6lgesel yemekleriyle de \u00fcnl\u00fc bir \u015fehirdir. B\u00f6lgesel yemeklerin en \u00fcnl\u00fcs\u00fc &quot;Cincinnati Chili&quot; ad\u0131 verilen bir yemektir. Bu yemekte, makarna \u00fczerine d\u00f6k\u00fclen k\u0131ymal\u0131 bir sos ve \u00fcst\u00fcne rendelenmi\u015f cheddar peyniri konulur. Bu lezzetli yemek, \u015fehirdeki bir\u00e7ok restoranda ve fast food zincirinde sunulur.<\/p>\n<p><img loading=\"lazy\" decoding=\"async\" src=\"https:\/\/amerikadil.com\/wp-content\/uploads\/2023\/02\/Cincinnati-yemek.png\" alt=\"\" width=\"900\" height=\"450\" class=\"alignnone size-full wp-image-644\" srcset=\"https:\/\/amerikadil.com\/wp-content\/uploads\/2023\/02\/Cincinnati-yemek.png 900w, https:\/\/amerikadil.com\/wp-content\/uploads\/2023\/02\/Cincinnati-yemek-300x150.png 300w, https:\/\/amerikadil.com\/wp-content\/uploads\/2023\/02\/Cincinnati-yemek-768x384.png 768w\" sizes=\"auto, (max-width: 900px) 100vw, 900px\" \/><\/p>\n<p>Kentucky&#039;deki Newport yak\u0131nlar\u0131ndaki bir kasaba olan Sharonville&#039;de, &quot;Goetta&quot; ad\u0131 verilen b\u00f6lgesel bir yemek de olduk\u00e7a me\u015fhurdur. Bu yemekte, \u00e7e\u015fitli baharatlar ve tam bu\u011fday, et ve yulaf ezmesi gibi malzemeler kullan\u0131larak yap\u0131lan sosisli lezzetli bir yemektir.<\/p>\n<p>Cincinnati&#039;de ayr\u0131ca, yerel bira imalathaneleri de olduk\u00e7a pop\u00fclerdir ve \u015fehirde bir\u00e7ok yerel biray\u0131 tadabilece\u011finiz bira bar\u0131 ve pub bulunmaktad\u0131r.<\/p>\n<p>Bunun yan\u0131 s\u0131ra, \u015fehirde uluslararas\u0131 mutfa\u011fa sahip restoranlar da mevcuttur. \u015eehirde \u0130talyan, Meksika, Japon ve \u00c7in mutfa\u011f\u0131ndan \u00f6rnekler sunan bir\u00e7ok restoran vard\u0131r.<\/p>\n<p>Cincinnati, yemek \u00e7e\u015fitlili\u011fi ve b\u00f6lgesel yemekleriyle \u00fcnl\u00fc bir \u015fehirdir ve ziyaret\u00e7ilerin lezzetli yemeklerin tad\u0131n\u0131 \u00e7\u0131karmalar\u0131 i\u00e7in bir\u00e7ok se\u00e7enek sunar.<\/p>\n<p><strong>Turistik Mekanlar:<\/strong> Cincinnati Sanat M\u00fczesi sanat severler i\u00e7in harika bir durak olabilir. Bu m\u00fczede; antik eserler, modern sanat eserleri ve yerel eserler dahil olmak \u00fczere 67.000&#039;den fazla sanat eseri bulunmaktad\u0131r. M\u00fczede \u00f6zel etkinlikler ve programlar d\u00fczenlenir ve rehberli turlar da bulunmaktad\u0131r.<\/p>\n<p>1930 y\u0131l\u0131nda tamamlanan Carew Tower, ad\u0131n\u0131 \u00f6nde gelen Cincinnatili i\u015f adam\u0131 olan Joseph T.Carew&#039;den alm\u0131\u015ft\u0131r. Tamamland\u0131\u011f\u0131nda Cincinnati&#039;deki en y\u00fcksek binayd\u0131 ve 2011&#039;de Queen City Square&#039;deki Great American Tower tamamlanana kadar en y\u00fcksek bina olarak kald\u0131. B\u00f6lgenin panoramik manzaras\u0131n\u0131 seyretmek isteyenler i\u00e7in 49. kattaki g\u00f6zlem g\u00fcvertesine \u00e7\u0131k\u0131labilmektedir. Kule, Ulusal Tarihi Yerler Sicilinde listelenmi\u015ftir ve \u015fehrin d\u00f6n\u00fcm noktas\u0131 olarak kabul edilir.<\/p>\n<p>2011&#039;de Queen City Square&#039;deki Great American Tower tamamlanana kadar en y\u00fcksek bina olarak kald\u0131. B\u00f6lgenin panoramik manzaras\u0131n\u0131 seyretmek isteyenler i\u00e7in 49. kattaki g\u00f6zlem g\u00fcvertesine \u00e7\u0131k\u0131labilmektedir. Kule, Ulusal Tarihi Yerler Sicilinde listelenmi\u015ftir ve \u015fehrin d\u00f6n\u00fcm noktas\u0131 olarak kabul edilir.<\/p>\n<p>Cincinnati Hayvanat Bah\u00e7esi, d\u00fcnya \u00e7ap\u0131nda pop\u00fcler bir hayvanat bah\u00e7esidir ve yakla\u015f\u0131k 5000 hayvan t\u00fcr\u00fcne ev sahipli\u011fi yapmaktad\u0131r. Ayr\u0131ca, botanik bah\u00e7elerinde y\u00fcr\u00fcy\u00fc\u015f yaparak \u00e7e\u015fitli bitki t\u00fcrlerini ke\u015ffedebilirsiniz. <\/p>\n<p>\u015eehrin merkezinde bulunan John A. Roebling k\u00f6pr\u00fcs\u00fc Ohio nehrinden ge\u00e7er ve Cincinnati Ohio ve Kentucky\u2019yi birle\u015ftirmektedir. G\u00f6r\u00fclmeye de\u011fer eski bir yap\u0131 olmas\u0131 sebebiyle turistlerin ilgisini \u00e7eker.<\/p>\n<\/div>\n\t\t\t\t<\/div>\n\t\t\t\t<\/div>\n\t\t\t\t\t<\/div>\n\t\t<\/div>\n\t\t\t\t\t\t\t<\/div>\n\t\t<\/section>\n\t\t\t\t\t\t\t<\/div>\n\t\t","protected":false},"excerpt":{"rendered":"<p>CINCINNATI<\/p>\n","protected":false},"author":1,"featured_media":0,"parent":0,"menu_order":0,"comment_status":"closed","ping_status":"closed","template":"","meta":{"footnotes":""},"class_list":["post-641","page","type-page","status-publish","hentry"],"_links":{"self":[{"href":"https:\/\/amerikadil.com\/index.php?rest_route=\/wp\/v2\/pages\/641","targetHints":{"allow":["GET"]}}],"collection":[{"href":"https:\/\/amerikadil.com\/index.php?rest_route=\/wp\/v2\/pages"}],"about":[{"href":"https:\/\/amerikadil.com\/index.php?rest_route=\/wp\/v2\/types\/page"}],"author":[{"embeddable":true,"href":"https:\/\/amerikadil.com\/index.php?rest_route=\/wp\/v2\/users\/1"}],"replies":[{"embeddable":true,"href":"https:\/\/amerikadil.com\/index.php?rest_route=%2Fwp%2Fv2%2Fcomments&post=641"}],"version-history":[{"count":3,"href":"https:\/\/amerikadil.com\/index.php?rest_route=\/wp\/v2\/pages\/641\/revisions"}],"predecessor-version":[{"id":647,"href":"https:\/\/amerikadil.com\/index.php?rest_route=\/wp\/v2\/pages\/641\/revisions\/647"}],"wp:attachment":[{"href":"https:\/\/amerikadil.com\/index.php?rest_route=%2Fwp%2Fv2%2Fmedia&parent=641"}],"curies":[{"name":"wp","href":"https:\/\/api.w.org\/{rel}","templated":true}]}}