{"id":390,"date":"2023-02-20T16:07:37","date_gmt":"2023-02-20T13:07:37","guid":{"rendered":"https:\/\/amerikadil.com\/?page_id=390"},"modified":"2023-02-20T16:16:54","modified_gmt":"2023-02-20T13:16:54","slug":"san-diego-amerika-sehir-rehberi","status":"publish","type":"page","link":"https:\/\/amerikadil.com\/?page_id=390","title":{"rendered":"San Diego \u2013 Amerika \u2013 \u015eehir Rehberi"},"content":{"rendered":"\t\t<div data-elementor-type=\"wp-page\" data-elementor-id=\"390\" class=\"elementor elementor-390\">\n\t\t\t\t\t\t\t\t\t<section class=\"elementor-section elementor-top-section elementor-element elementor-element-502587a elementor-section-boxed elementor-section-height-default elementor-section-height-default\" data-id=\"502587a\" data-element_type=\"section\">\n\t\t\t\t\t\t<div class=\"elementor-container elementor-column-gap-default\">\n\t\t\t\t\t<div class=\"elementor-column elementor-col-100 elementor-top-column elementor-element elementor-element-e58b25b\" data-id=\"e58b25b\" data-element_type=\"column\">\n\t\t\t<div class=\"elementor-widget-wrap elementor-element-populated\">\n\t\t\t\t\t\t\t\t<div class=\"elementor-element elementor-element-71b955d elementor-widget elementor-widget-image\" data-id=\"71b955d\" data-element_type=\"widget\" data-widget_type=\"image.default\">\n\t\t\t\t<div class=\"elementor-widget-container\">\n\t\t\t<style>\/*! elementor - v3.11.1 - 15-02-2023 *\/\n.elementor-widget-image{text-align:center}.elementor-widget-image a{display:inline-block}.elementor-widget-image a img[src$=\".svg\"]{width:48px}.elementor-widget-image img{vertical-align:middle;display:inline-block}<\/style>\t\t\t\t\t\t\t\t\t\t\t\t<img loading=\"lazy\" decoding=\"async\" width=\"400\" height=\"300\" src=\"https:\/\/amerikadil.com\/wp-content\/uploads\/2023\/02\/san-diego-1.png\" class=\"attachment-medium_large size-medium_large wp-image-391\" alt=\"\" srcset=\"https:\/\/amerikadil.com\/wp-content\/uploads\/2023\/02\/san-diego-1.png 400w, https:\/\/amerikadil.com\/wp-content\/uploads\/2023\/02\/san-diego-1-300x225.png 300w\" sizes=\"auto, (max-width: 400px) 100vw, 400px\" \/>\t\t\t\t\t\t\t\t\t\t\t\t\t\t\t<\/div>\n\t\t\t\t<\/div>\n\t\t\t\t<div class=\"elementor-element elementor-element-d0d8ac3 elementor-widget elementor-widget-heading\" data-id=\"d0d8ac3\" data-element_type=\"widget\" data-widget_type=\"heading.default\">\n\t\t\t\t<div class=\"elementor-widget-container\">\n\t\t\t<style>\/*! elementor - v3.11.1 - 15-02-2023 *\/\n.elementor-heading-title{padding:0;margin:0;line-height:1}.elementor-widget-heading .elementor-heading-title[class*=elementor-size-]>a{color:inherit;font-size:inherit;line-height:inherit}.elementor-widget-heading .elementor-heading-title.elementor-size-small{font-size:15px}.elementor-widget-heading .elementor-heading-title.elementor-size-medium{font-size:19px}.elementor-widget-heading .elementor-heading-title.elementor-size-large{font-size:29px}.elementor-widget-heading .elementor-heading-title.elementor-size-xl{font-size:39px}.elementor-widget-heading .elementor-heading-title.elementor-size-xxl{font-size:59px}<\/style><h2 class=\"elementor-heading-title elementor-size-default\">SAN DIEGO<\/h2>\t\t<\/div>\n\t\t\t\t<\/div>\n\t\t\t\t\t<\/div>\n\t\t<\/div>\n\t\t\t\t\t\t\t<\/div>\n\t\t<\/section>\n\t\t\t\t<section class=\"elementor-section elementor-top-section elementor-element elementor-element-ead36e9 elementor-section-boxed elementor-section-height-default elementor-section-height-default\" data-id=\"ead36e9\" data-element_type=\"section\">\n\t\t\t\t\t\t<div class=\"elementor-container elementor-column-gap-default\">\n\t\t\t\t\t<div class=\"elementor-column elementor-col-100 elementor-top-column elementor-element elementor-element-a9693a3\" data-id=\"a9693a3\" data-element_type=\"column\">\n\t\t\t<div class=\"elementor-widget-wrap elementor-element-populated\">\n\t\t\t\t\t\t\t\t<div class=\"elementor-element elementor-element-e6bf39c elementor-widget elementor-widget-wp-widget-text\" data-id=\"e6bf39c\" data-element_type=\"widget\" data-widget_type=\"wp-widget-text.default\">\n\t\t\t\t<div class=\"elementor-widget-container\">\n\t\t\t\t\t\t<div class=\"textwidget\"><p>San Diego, Amerika Birle\u015fik Devletleri&#8217;nin Kaliforniya eyaletinde bulunan bir \u015fehirdir. ABD\u2019nin en b\u00fcy\u00fck sekizinci \u015fehri olarak bilinir. Meksika s\u0131n\u0131r\u0131na yak\u0131n olan San Diego, B\u00fcy\u00fck Okyanus k\u0131y\u0131s\u0131nda ve Kaliforniya&#8217;n\u0131n g\u00fcneybat\u0131s\u0131ndaki San Diego K\u00f6rfezi&#8217;nde yer almaktad\u0131r. \u015eehir, g\u00fcne\u015fli iklimi, g\u00fczel plajlar\u0131, deniz \u00fcr\u00fcnleri yemekleri, tarihi ve k\u00fclt\u00fcrel yerleriyle \u00fcnl\u00fcd\u00fcr. Pacific Beach, La Jolla Cove ve Coronado Beach, turistlerin en s\u0131k ziyaret etti\u011fi plajlardan baz\u0131lar\u0131d\u0131r. Balboa Park, San Diego Hayvanat Bah\u00e7esi, USS Midway Museum gibi turistik yerler de ziyaret\u00e7ilerin ilgisini \u00e7eker.<\/p>\n<p>San Diego, b\u00fcy\u00fck bir askeri \u00fcs ve \u00fcniversite kenti olarak da bilinir. ABD Deniz Kuvvetleri&#8217;nin en b\u00fcy\u00fck \u00fcslerinden biri olan Naval Base San Diego burada yer al\u0131r ve \u015fehrin ekonomik olarak geli\u015fmesine katk\u0131da bulunur. Ayn\u0131 zamanda, San Diego&#8217;da bir\u00e7ok \u00fcniversite ve ara\u015ft\u0131rma merkezi de bulunmaktad\u0131r. En tan\u0131nm\u0131\u015f \u00fcniversitelerden biri, La Jolla&#8217;daki University of California, San Diego&#8217;dur (UCSD). Bu nedenle, San Diego, d\u00fcnya genelindeki bilimsel ve teknolojik yeniliklere katk\u0131da bulunan bir \u015fehirdir. Hatta, San Diego \u015fehri, 1935&#8217;te d\u00fczenlenen California Pasifik Uluslararas\u0131 Fuar\u0131&#8217;nda sergilenen ve d\u00fcnyan\u0131n ilk robotu olarak kabul edilen &#8220;Elektro&#8221; adl\u0131 bir robotun do\u011fum yeri olarak kabul edilir. Elektro, g\u00f6steri boyunca \u00f6nceden programlanm\u0131\u015f g\u00f6revleri yerine getirebilen ve insan sesine, y\u00fcz ifadelerine tepki verebilen \u00f6zelliklere sahip bir robot olarak bilinir. San Diego, bu robotla \u00f6v\u00fcnmek i\u00e7in her y\u0131l d\u00fczenli olarak &#8220;ElektroFest&#8221; adl\u0131 bir etkinlik d\u00fczenliyor.<\/p>\n<p><strong>Tarihi:<\/strong> B\u00f6lgede, 12. y\u00fczy\u0131la kadar uzanan tarihi kan\u0131tlar mevcuttur. \u0130spanyol k\u00e2\u015fifler, 1542 y\u0131l\u0131nda b\u00f6lgeye ilk kez ayak bast\u0131lar ve 1769 y\u0131l\u0131nda \u0130spanyol misyonerler taraf\u0131ndan bir misyon ve askeri karakol kuruldu. Bu tarihten sonra, b\u00f6lge, Meksika&#8217;n\u0131n ba\u011f\u0131ms\u0131zl\u0131\u011f\u0131na kadar \u0130spanyol h\u00e2kimiyeti alt\u0131nda kald\u0131.<\/p>\n<p>San Diego, 1850&#8217;lerde ABD&#8217;nin Kaliforniya&#8217;y\u0131 ele ge\u00e7irmesiyle birlikte, ABD&#8217;nin bir eyaleti oldu. Bu d\u00f6nemde, \u015fehir h\u0131zl\u0131 bir \u015fekilde geli\u015fti ve bir\u00e7ok altyap\u0131 ve bina in\u015fa edildi. 1867&#8217;de, Alonzo Horton adl\u0131 bir yat\u0131r\u0131mc\u0131, \u015fehir merkezinde b\u00fcy\u00fck bir arazi sat\u0131n ald\u0131 ve bug\u00fcnk\u00fc Gaslamp Quarter olarak bilinen b\u00f6lgeyi in\u015fa etti.<\/p>\n<p>20. y\u00fczy\u0131l\u0131n ba\u015flar\u0131nda, deniz \u00fcss\u00fc ve askeri personel i\u00e7in bir lojistik merkez olarak b\u00fcy\u00fcmeye devam etti. II. D\u00fcnya Sava\u015f\u0131 s\u0131ras\u0131nda, San Diego&#8217;da b\u00fcy\u00fck bir askeri donanma vard\u0131 ve bu d\u00f6nemde \u015fehir, sava\u015f end\u00fcstrisi i\u00e7in \u00f6nemli bir merkez haline geldi. Sava\u015ftan sonra, \u015fehir h\u0131zl\u0131 bir \u015fekilde geni\u015fledi ve b\u00fcy\u00fcd\u00fc. Bug\u00fcn, d\u00fcnya \u00e7ap\u0131nda bilimsel ve teknolojik geli\u015fmelere katk\u0131da bulunan bir\u00e7ok \u00fcniversite, ara\u015ft\u0131rma merkezi ve end\u00fcstriyel faaliyetlerin merkezi olarak da bilinir. Ayn\u0131 zamanda, turistik yerleri, plajlar\u0131, lezzetli yemekleri ve y\u00fcksek ya\u015fam standartlar\u0131yla da \u00fcnl\u00fcd\u00fcr.<\/p>\n<p><strong>N\u00fcfusu:<\/strong> 1.4 milyon (2020 y\u0131l\u0131 verilerine g\u00f6re) San Diego Metropolitan B\u00f6lgesi, San Diego County&#8217;nin \u00e7o\u011funu kapsayan ve yakla\u015f\u0131k 3.3 milyonluk bir n\u00fcfusa sahip olan daha geni\u015f bir b\u00f6lgenin par\u00e7as\u0131d\u0131r.<br \/>\n<strong>Y\u00fcz \u00f6l\u00e7\u00fcm\u00fc:<\/strong> 964.5 km\u00b2<\/p>\n<p><strong>\u0130klim:<\/strong> Akdeniz iklimine sahip bir \u015fehirdir. S\u0131cak, kuru yazlar ve \u0131l\u0131k, ya\u011f\u0131\u015fl\u0131 k\u0131\u015flarla karakterizedir. Yaz aylar\u0131nda, g\u00fcnl\u00fck s\u0131cakl\u0131k genellikle 20-25\u00b0C aras\u0131ndad\u0131r ve nadiren 30\u00b0C&#8217;nin \u00fczerine \u00e7\u0131kar. K\u0131\u015f aylar\u0131nda ise s\u0131cakl\u0131k genellikle 15-20\u00b0C aras\u0131ndad\u0131r.<\/p>\n<p>Ya\u011f\u0131\u015f, genellikle k\u0131\u015f aylar\u0131nda yo\u011funla\u015f\u0131r ve yaz aylar\u0131nda nadirdir. A\u011fustos ve Eyl\u00fcl aylar\u0131, y\u0131l\u0131n en kuru d\u00f6nemidir. San Diego&#8217;nun deniz k\u0131y\u0131s\u0131ndaki yerle\u015fim yerleri, hafif bir deniz esintisi nedeniyle genellikle daha serin ve nemli olurken, i\u00e7 kesimlerdeki yerle\u015fim yerleri daha s\u0131cak olabilir.<\/p>\n<p>San Diego, g\u00fcne\u015fli ve \u0131l\u0131man iklimi nedeniyle bir\u00e7ok turistin ilgisini \u00e7eker. Bu nedenle, turistik yerlerin yan\u0131 s\u0131ra, sahil \u015feridi boyunca bir\u00e7ok a\u00e7\u0131k hava etkinli\u011fi ve festival d\u00fczenlenir.<\/p>\n<p><img loading=\"lazy\" decoding=\"async\" class=\"alignnone size-full wp-image-392\" src=\"https:\/\/amerikadil.com\/wp-content\/uploads\/2023\/02\/San-diego-iklim.png\" alt=\"\" width=\"900\" height=\"300\" srcset=\"https:\/\/amerikadil.com\/wp-content\/uploads\/2023\/02\/San-diego-iklim.png 900w, https:\/\/amerikadil.com\/wp-content\/uploads\/2023\/02\/San-diego-iklim-300x100.png 300w, https:\/\/amerikadil.com\/wp-content\/uploads\/2023\/02\/San-diego-iklim-768x256.png 768w\" sizes=\"auto, (max-width: 900px) 100vw, 900px\" \/><\/p>\n<p><strong>Ula\u015f\u0131m:<\/strong> \u015eehir, toplu ta\u015f\u0131ma ara\u00e7lar\u0131, bisiklet yollar\u0131, otob\u00fcs hatlar\u0131, trenler ve taksi hizmetleri gibi \u00e7e\u015fitli ula\u015f\u0131m se\u00e7enekleri bulunur. San Diego Metropolitan Transit System (MTS), \u015fehirdeki toplu ta\u015f\u0131ma ara\u00e7lar\u0131n\u0131 i\u015fleten ana kurulu\u015ftur. MTS, otob\u00fcs hatlar\u0131, tren hatlar\u0131 ve tramvay hatlar\u0131 gibi bir\u00e7ok se\u00e7enek sunar. Tramvay hatlar\u0131, San Diego \u015fehir merkezinden Santee, La Mesa ve Chula Vista gibi d\u0131\u015f semtlere kadar uzan\u0131r.<\/p>\n<p>Bunun yan\u0131 s\u0131ra, \u015fehirdeki bisiklet yollar\u0131, bisiklet kiralama hizmetleri ve yaya dostu caddeler de pop\u00fcler bir ula\u015f\u0131m se\u00e7ene\u011fidir. \u015eehir ayr\u0131ca taksi, Uber ve Lyft gibi \u00f6zel ara\u00e7 payla\u015f\u0131m\u0131 hizmetlerine de sahiptir.<\/p>\n<p>Ayr\u0131ca, bir\u00e7ok yerel caddesi, otoyolu ve k\u00f6pr\u00fcleri kapsayan geli\u015fmi\u015f bir karayolu a\u011f\u0131na sahiptir. Bu nedenle, \u00f6zellikle kalabal\u0131k bir alana gitmek isteyenler i\u00e7in ara\u00e7 kiralama yayg\u0131n bir alternatiftir.<\/p>\n<p><strong>Yemek K\u00fclt\u00fcr\u00fc:<\/strong> San Diego, Meksika&#8217;ya yak\u0131n bir b\u00f6lgede yer ald\u0131\u011f\u0131 i\u00e7in, Meksika mutfa\u011f\u0131 bu \u015fehirde olduk\u00e7a yayg\u0131nd\u0131r. Meksika restoranlar\u0131; taco, enchilada, quesadilla, burrito ve guacamole gibi pop\u00fcler Meksika yemekleri sunar. \u015eehirdeki Meksika restoranlar\u0131 aras\u0131nda Las Cuatro Milpas, Lucha Libre Gourmet Taco Shop, El Indio, Lolita&#8217;s Mexican Food ve Old Town Mexican Cafe gibi pop\u00fcler se\u00e7enekler yer al\u0131r. Ayn\u0131 zamanda, di\u011fer bir\u00e7ok farkl\u0131 mutfak t\u00fcr\u00fcnden restoranlar da bulabilirsiniz. \u0130talyan mutfa\u011f\u0131na ilgi duyanlar, Little Italy semtinde bir\u00e7ok \u0130talyan restoran\u0131 bulabilirler. Ayr\u0131ca, Asya mutfa\u011f\u0131 severler i\u00e7in, Chinatown ve Convoy Street gibi semtlerde bir\u00e7ok Asya restoran\u0131 bulunmaktad\u0131r. T\u00fcrk ve Yunan lezzetleri gibi \u00e7e\u015fitli Orta Asya mutfaklar\u0131n\u0131 da Ali Baba, Cafe Istanbul, Troy&#8217;s Greek &amp; Middle Eastern restoranlar\u0131nda bulabilirsiniz.<\/p>\n<p>Amerika Birle\u015fik Devletleri&#8217;nin en iyi yerel bira sahnelerinden birine sahip olan San Diego\u2019da; Stone Brewing, Karl Strauss Brewing, Ballast Point Brewing ve AleSmith Brewing gibi bir\u00e7ok yerel bira fabrikas\u0131 bulunmaktad\u0131r. Bu fabrikalar, kendi \u00f6zel biralar\u0131n\u0131 \u00fcretirler ve \u00fcrettikleri biralar\u0131 kendi tesislerinde tadabilece\u011finiz taproomlar\u0131nda sunarlar. Ayr\u0131ca, Temecula Vadisi&#8217;nde \u015farap \u00fcretimi me\u015fhurdur ve burada bir\u00e7ok \u015farap imalathanesi bulunmaktad\u0131r.<\/p>\n<p><img loading=\"lazy\" decoding=\"async\" class=\"alignnone size-full wp-image-393\" src=\"https:\/\/amerikadil.com\/wp-content\/uploads\/2023\/02\/San-Diego-Yemek.png\" alt=\"\" width=\"900\" height=\"450\" srcset=\"https:\/\/amerikadil.com\/wp-content\/uploads\/2023\/02\/San-Diego-Yemek.png 900w, https:\/\/amerikadil.com\/wp-content\/uploads\/2023\/02\/San-Diego-Yemek-300x150.png 300w, https:\/\/amerikadil.com\/wp-content\/uploads\/2023\/02\/San-Diego-Yemek-768x384.png 768w\" sizes=\"auto, (max-width: 900px) 100vw, 900px\" \/><\/p>\n<p><strong>Turistik Mekanlar: <\/strong>San Diego\u2019da bulunan Balboa Park, 16 farkl\u0131 m\u00fcze, botanik bah\u00e7eleri, sanat galerileri ve tiyatrolar\u0131yla \u015fehrin en pop\u00fcler yerlerinden biridir. San Diego Hayvanat Bah\u00e7esi, bir\u00e7ok egzotik hayvan t\u00fcr\u00fcne ev sahipli\u011fi yapmaktad\u0131r ve bir\u00e7ok aile taraf\u0131ndan tercih edilen bir mekand\u0131r. \u015eehirdeki bir di\u011fer pop\u00fcler yer ise USS Midway M\u00fczesi&#8217;dir. Bu m\u00fcze, bir u\u00e7ak gemisinde ya\u015fam ve \u00e7al\u0131\u015fma ko\u015fullar\u0131n\u0131 g\u00f6steren interaktif sergiler sunmaktad\u0131r. Cabrillo Ulusal An\u0131t\u0131, San Diego K\u00f6rfezi&#8217;nden kentin panoramik manzaras\u0131na sahip olabilece\u011finiz, deniz yolu ge\u00e7i\u015flerinin tarihini g\u00f6rebilece\u011finiz ve deniz memelilerinin g\u00f6zlemlenebilece\u011fi bir do\u011fal koruma alan\u0131d\u0131r. San Diego&#8217;nun \u00fcnl\u00fc plajlar\u0131 aras\u0131nda La Jolla, Coronado ve Pacific Beach bulunmaktad\u0131r.<\/p>\n<p>Bu plajlarda g\u00fcne\u015flenmek, y\u00fczmek, s\u00f6rf yapmak ve di\u011fer bir\u00e7ok plaj aktivitesinin keyfini \u00e7\u0131karabilirsiniz. Tarihi Gaslamp B\u00f6lgesi, restoranlar\u0131, barlar\u0131 ve butik ma\u011fazalar\u0131 ile \u00fcnl\u00fcd\u00fcr. Ayr\u0131ca, Kaliforniya\u2019n\u0131n do\u011fum yeri olarak adland\u0131r\u0131lan Old Town bir a\u00e7\u0131k hava m\u00fczesi olarak hizmet vermektedir. Koloni d\u00f6nemi evlerini gezebilir, sokak sanat\u00e7\u0131lar\u0131ndan al\u0131\u015fveri\u015f yapabilir, e\u011flenceli turlara denk gelebilirsiniz.<\/p>\n<\/div>\n\t\t\t\t<\/div>\n\t\t\t\t<\/div>\n\t\t\t\t\t<\/div>\n\t\t<\/div>\n\t\t\t\t\t\t\t<\/div>\n\t\t<\/section>\n\t\t\t\t\t\t\t<\/div>\n\t\t","protected":false},"excerpt":{"rendered":"<p>SAN DIEGO<\/p>\n","protected":false},"author":1,"featured_media":0,"parent":0,"menu_order":0,"comment_status":"closed","ping_status":"closed","template":"","meta":{"footnotes":""},"class_list":["post-390","page","type-page","status-publish","hentry"],"_links":{"self":[{"href":"https:\/\/amerikadil.com\/index.php?rest_route=\/wp\/v2\/pages\/390","targetHints":{"allow":["GET"]}}],"collection":[{"href":"https:\/\/amerikadil.com\/index.php?rest_route=\/wp\/v2\/pages"}],"about":[{"href":"https:\/\/amerikadil.com\/index.php?rest_route=\/wp\/v2\/types\/page"}],"author":[{"embeddable":true,"href":"https:\/\/amerikadil.com\/index.php?rest_route=\/wp\/v2\/users\/1"}],"replies":[{"embeddable":true,"href":"https:\/\/amerikadil.com\/index.php?rest_route=%2Fwp%2Fv2%2Fcomments&post=390"}],"version-history":[{"count":3,"href":"https:\/\/amerikadil.com\/index.php?rest_route=\/wp\/v2\/pages\/390\/revisions"}],"predecessor-version":[{"id":396,"href":"https:\/\/amerikadil.com\/index.php?rest_route=\/wp\/v2\/pages\/390\/revisions\/396"}],"wp:attachment":[{"href":"https:\/\/amerikadil.com\/index.php?rest_route=%2Fwp%2Fv2%2Fmedia&parent=390"}],"curies":[{"name":"wp","href":"https:\/\/api.w.org\/{rel}","templated":true}]}}