{"id":311,"date":"2023-02-16T11:20:12","date_gmt":"2023-02-16T08:20:12","guid":{"rendered":"https:\/\/amerikadil.com\/?page_id=311"},"modified":"2023-02-16T12:25:18","modified_gmt":"2023-02-16T09:25:18","slug":"new-york-amerika-sehir-rehberi","status":"publish","type":"page","link":"https:\/\/amerikadil.com\/?page_id=311","title":{"rendered":"New York &#8211; Amerika &#8211; \u015eehir Rehberi"},"content":{"rendered":"\t\t<div data-elementor-type=\"wp-page\" data-elementor-id=\"311\" class=\"elementor elementor-311\">\n\t\t\t\t\t\t\t\t\t<section class=\"elementor-section elementor-top-section elementor-element elementor-element-a79e601 elementor-section-boxed elementor-section-height-default elementor-section-height-default\" data-id=\"a79e601\" data-element_type=\"section\">\n\t\t\t\t\t\t<div class=\"elementor-container elementor-column-gap-default\">\n\t\t\t\t\t<div class=\"elementor-column elementor-col-100 elementor-top-column elementor-element elementor-element-d705479\" data-id=\"d705479\" data-element_type=\"column\">\n\t\t\t<div class=\"elementor-widget-wrap\">\n\t\t\t\t\t\t\t\t\t<\/div>\n\t\t<\/div>\n\t\t\t\t\t\t\t<\/div>\n\t\t<\/section>\n\t\t\t\t<section class=\"elementor-section elementor-top-section elementor-element elementor-element-85b617d elementor-section-boxed elementor-section-height-default elementor-section-height-default\" data-id=\"85b617d\" data-element_type=\"section\">\n\t\t\t\t\t\t<div class=\"elementor-container elementor-column-gap-default\">\n\t\t\t\t\t<div class=\"elementor-column elementor-col-100 elementor-top-column elementor-element elementor-element-8ecf1e6\" data-id=\"8ecf1e6\" data-element_type=\"column\">\n\t\t\t<div class=\"elementor-widget-wrap\">\n\t\t\t\t\t\t\t\t\t<\/div>\n\t\t<\/div>\n\t\t\t\t\t\t\t<\/div>\n\t\t<\/section>\n\t\t\t\t<section class=\"elementor-section elementor-top-section elementor-element elementor-element-7724e5ea elementor-section-content-middle elementor-section-boxed elementor-section-height-default elementor-section-height-default\" data-id=\"7724e5ea\" data-element_type=\"section\">\n\t\t\t\t\t\t<div class=\"elementor-container elementor-column-gap-no\">\n\t\t\t\t\t<div class=\"elementor-column elementor-col-100 elementor-top-column elementor-element elementor-element-6557e66e\" data-id=\"6557e66e\" data-element_type=\"column\">\n\t\t\t<div class=\"elementor-widget-wrap elementor-element-populated\">\n\t\t\t\t\t\t\t\t<div class=\"elementor-element elementor-element-06c8807 elementor-widget elementor-widget-image\" data-id=\"06c8807\" data-element_type=\"widget\" data-widget_type=\"image.default\">\n\t\t\t\t<div class=\"elementor-widget-container\">\n\t\t\t<style>\/*! elementor - v3.11.1 - 15-02-2023 *\/\n.elementor-widget-image{text-align:center}.elementor-widget-image a{display:inline-block}.elementor-widget-image a img[src$=\".svg\"]{width:48px}.elementor-widget-image img{vertical-align:middle;display:inline-block}<\/style>\t\t\t\t\t\t\t\t\t\t\t\t<img loading=\"lazy\" decoding=\"async\" width=\"400\" height=\"300\" src=\"https:\/\/amerikadil.com\/wp-content\/uploads\/2023\/02\/nyc-sehir-yazisi-fotograf.png\" class=\"attachment-large size-large wp-image-315\" alt=\"\" srcset=\"https:\/\/amerikadil.com\/wp-content\/uploads\/2023\/02\/nyc-sehir-yazisi-fotograf.png 400w, https:\/\/amerikadil.com\/wp-content\/uploads\/2023\/02\/nyc-sehir-yazisi-fotograf-300x225.png 300w\" sizes=\"auto, (max-width: 400px) 100vw, 400px\" \/>\t\t\t\t\t\t\t\t\t\t\t\t\t\t\t<\/div>\n\t\t\t\t<\/div>\n\t\t\t\t<div class=\"elementor-element elementor-element-519478de elementor-widget elementor-widget-heading\" data-id=\"519478de\" data-element_type=\"widget\" data-widget_type=\"heading.default\">\n\t\t\t\t<div class=\"elementor-widget-container\">\n\t\t\t<style>\/*! elementor - v3.11.1 - 15-02-2023 *\/\n.elementor-heading-title{padding:0;margin:0;line-height:1}.elementor-widget-heading .elementor-heading-title[class*=elementor-size-]>a{color:inherit;font-size:inherit;line-height:inherit}.elementor-widget-heading .elementor-heading-title.elementor-size-small{font-size:15px}.elementor-widget-heading .elementor-heading-title.elementor-size-medium{font-size:19px}.elementor-widget-heading .elementor-heading-title.elementor-size-large{font-size:29px}.elementor-widget-heading .elementor-heading-title.elementor-size-xl{font-size:39px}.elementor-widget-heading .elementor-heading-title.elementor-size-xxl{font-size:59px}<\/style><h2 class=\"elementor-heading-title elementor-size-default\">NEW YORK<\/h2>\t\t<\/div>\n\t\t\t\t<\/div>\n\t\t\t\t<div class=\"elementor-element elementor-element-107d049 elementor-widget elementor-widget-heading\" data-id=\"107d049\" data-element_type=\"widget\" data-widget_type=\"heading.default\">\n\t\t\t\t<div class=\"elementor-widget-container\">\n\t\t\t<h5 class=\"elementor-heading-title elementor-size-default\">Yakla\u015f\u0131k olarak 1624 y\u0131l\u0131nda yerle\u015fildi\u011fi kabul edilen New York City, Amerika\nBirle\u015fik Devletleri\u2019nin en kalabal\u0131k \u015fehri olarak bilinmektedir. New York eyaletine\nba\u011fl\u0131 New York City, Amerika\u2019n\u0131n kuzeydo\u011fu b\u00f6lgesinde, Atlantik Okyanusu\u2019na\nuzanan bir b\u00f6lgede konumlanm\u0131\u015ft\u0131r. New York City, k\u00fcresel \u00e7apta bir k\u00fclt\u00fcrel,\nfinansal ve e\u011flence merkezidir. \u015eehir devasa bir metropold\u00fcr ve \u00e7ok \u00e7e\u015fitli\nk\u00fclt\u00fcrlere ev sahipli\u011fi yapmaktad\u0131r. Yakla\u015f\u0131k olarak 8,5 milyon n\u00fcfusa sahip\n\u015fehrin k\u00f6kl\u00fc bir tarihi ve 5 adet semti bulunmaktad\u0131r. Manhattan semti \u015fehrin en\nk\u00fc\u00e7\u00fck ancak en n\u00fcfus yo\u011funluklu semtidir. New York City\u2019nin en k\u00fclt\u00fcrl\u00fc ve\nmerkezi semti olup bir\u00e7ok prestijli okula da ev sahipli\u011fi yapmaktad\u0131r. Central\nPark\u2019\u0131n ve \u015fehirdeki g\u00f6kdelenlerin \u00e7o\u011funlu\u011funun bulundu\u011fu semtin n\u00fcfusu\nyakla\u015f\u0131k olarak 2 milyondur. New York\u2019un bir ba\u015fka semti olan Brooklyn ise\nyakla\u015f\u0131k 3 milyon n\u00fcfusuyla \u015fehrin en kalabal\u0131k semtidir. Etnik ve k\u00fclt\u00fcrel\n\u00e7e\u015fitlili\u011fi, kendine has mimari miras\u0131yla sanat ve teknolojinin b\u00fcy\u00fcyen bir\nmerkezi olmu\u015ftur. Queens semti ise Brooklyn\u2019in do\u011fusunda bulunmaktad\u0131r ve\n\u015fehirdeki en geni\u015f semttir. Amerika\u2019n\u0131n en \u00e7e\u015fitli etnisitesi ve d\u00fcnyan\u0131n en \u00e7e\u015fitli\nkent etnisitesinin bulundu\u011fu semttir. \u015eehrin en i\u015flek iki havaliman\u0131 bu semtte\nbulunmaktad\u0131r. Ayr\u0131ca bir\u00e7ok spor tak\u0131m\u0131na da ev sahipli\u011fi yapmaktad\u0131r. Bronx\nsemti ise d\u00fcnyan\u0131n geni\u015f metropolit hayvanat bah\u00e7esinin bulundu\u011fu, \u015fehrin en\nkuzeyindeki semtidir. Ayr\u0131ca hip-hop m\u00fczi\u011fin do\u011fum yeri olarak da bilinen\nsemtte, New York City\u2019nin en b\u00fcy\u00fck park\u0131 olan Pelham Bay de bulunmaktad\u0131r.\nStaten Island veya di\u011fer bilinen ad\u0131yla Richmond semti, \u015fehrin en banliy\u00f6 semti\nolarak bilinir. Verrazano-Narrows K\u00f6pr\u00fcs\u00fc ile Brooklyn semtine ba\u011flanan semtte\nyakla\u015f\u0131k olarak 10km2 b\u00fcy\u00fckl\u00fc\u011f\u00fcnde Staten Island Greenbelt ad\u0131ndaki parklar\nve ormanlar serisi bulunmaktad\u0131r. Bu ye\u015fillik kemeri \u015fehirde hi\u00e7 dokunulmam\u0131\u015f\normanlardan birisi olarak da bilinmektedir.<br><b><br>Tarihi: <\/b>Manhattan Adas\u0131\u2019n\u0131n g\u00fcneyinde 1624 y\u0131l\u0131nda kurulmu\u015f olan bir ticaret merkeziyle\n\u015fehrin kurulu\u015fu ba\u015flam\u0131\u015ft\u0131r. \u0130lk ad\u0131 New Amsterdam olarak bilinen yerle\u015fke, 1653\ny\u0131l\u0131nda resmi olarak bir \u015fehir haline gelmi\u015ftir. Bu y\u0131la kadar Hollanda kolonisi\nolarak b\u00fcy\u00fcyen \u015fehir, 1664 y\u0131l\u0131nda \u0130ngiltere kontrol\u00fcne ge\u00e7mi\u015f ve ismi d\u00f6nemin\n\u0130ngiliz Kral\u0131n\u0131n karde\u015fi olan York D\u00fck\u00fc II. James ad\u0131na New York olarak\nde\u011fi\u015ftirilmi\u015ftir. \u015eehrin kontrol\u00fc 18. Y\u00fczy\u0131la kadar s\u0131k s\u0131k el de\u011fi\u015ftirmi\u015ftir, ta ki\nAmerikan Ba\u011f\u0131ms\u0131zl\u0131k Sava\u015f\u0131\u2019nda kontrol\u00fcn\u00fc Amerika Birle\u015fik Devletleri alana\nkadar. Bu sava\u015f\u0131n bir sembol\u00fc olan \u00d6zg\u00fcrl\u00fck Heykeli de bu \u015fehirde\nbulunmaktad\u0131r. \u015eehir g\u00fcn\u00fcm\u00fcze kadar sanayi ve teknoloji alan\u0131nda b\u00fcy\u00fck\ngeli\u015fmeler katederek, dev bir metropol haline gelmi\u015ftir.<br><br><b>\u0130klim:<\/b> Genel olarak ilkbahar ve sonbahar aylar\u0131nda \u0131l\u0131man ve g\u00fczel bir havas\u0131 vard\u0131r.\nYazlar\u0131 genel olarak 25 derecenin \u00fcst\u00fcndedir, baz\u0131 g\u00fcnler 40 dereceye kadar\nvarabilmektedir. K\u0131\u015f aylar\u0131nda hava genel olarak so\u011fuktur ve kar ya\u011f\u0131\u015flar\u0131\nolmaktad\u0131r. K\u0131\u015flar\u0131 s\u0131cakl\u0131k -3 derecelere kadar inebilmektedir. K\u0131\u015flar\u0131 olduk\u00e7a\nso\u011fuk, yazlar\u0131 da bunalt\u0131c\u0131 s\u0131caklara kadar ula\u015fabilen havas\u0131na g\u00f6re uygun\nk\u0131yafetler getirilmesine dikkat edilmelidir.<br><br><b>Ula\u015f\u0131m: <\/b>\u015eehirde ula\u015f\u0131m \u00f6nemli bir sorundur. \u00d6zellikle ki\u015fisel ara\u00e7lar\u0131 olan ki\u015filer i\u00e7in\nyo\u011fun trafik saatleri \u00e7ekilmez hale gelmektedir. Ancak \u015fehrin her taraf\u0131na giden\nmetro sistemleri ile her yere ula\u015f\u0131m kolayl\u0131kla sa\u011flanmaktad\u0131r. \u015eehirdeki metro\nsistemi \u00e7ok iyi planlanm\u0131\u015ft\u0131r. Gece tarifeleri, sert k\u0131\u015f tarifeleri gibi her t\u00fcrl\u00fc \u015fartta\nula\u015f\u0131m\u0131n sekteye u\u011framamas\u0131 i\u00e7in farkl\u0131 hatlar bulunmaktad\u0131r. \u015eehirdeki otob\u00fcs\nhatlar\u0131 da olduk\u00e7a geli\u015fmi\u015ftir, ancak yine yo\u011fun saatlerde trafi\u011fe\ntak\u0131labilmektedir. Toplu ula\u015f\u0131m kullanan ki\u015filer \u015fehirde olduk\u00e7a rahat\nedeceklerdir.<\/h5>\t\t<\/div>\n\t\t\t\t<\/div>\n\t\t\t\t\t<\/div>\n\t\t<\/div>\n\t\t\t\t\t\t\t<\/div>\n\t\t<\/section>\n\t\t\t\t<section class=\"elementor-section elementor-top-section elementor-element elementor-element-a13b1c8 elementor-section-boxed elementor-section-height-default elementor-section-height-default\" data-id=\"a13b1c8\" data-element_type=\"section\">\n\t\t\t\t\t\t<div class=\"elementor-container elementor-column-gap-default\">\n\t\t\t\t\t<div class=\"elementor-column elementor-col-100 elementor-top-column elementor-element elementor-element-070aa5e\" data-id=\"070aa5e\" data-element_type=\"column\">\n\t\t\t<div class=\"elementor-widget-wrap elementor-element-populated\">\n\t\t\t\t\t\t\t\t<div class=\"elementor-element elementor-element-dc14acf elementor-widget elementor-widget-image\" data-id=\"dc14acf\" data-element_type=\"widget\" data-widget_type=\"image.default\">\n\t\t\t\t<div class=\"elementor-widget-container\">\n\t\t\t\t\t\t\t\t\t\t\t\t\t\t\t<img loading=\"lazy\" decoding=\"async\" width=\"696\" height=\"232\" src=\"https:\/\/amerikadil.com\/wp-content\/uploads\/2023\/02\/nyc-metro.png\" class=\"attachment-large size-large wp-image-321\" alt=\"\" srcset=\"https:\/\/amerikadil.com\/wp-content\/uploads\/2023\/02\/nyc-metro.png 900w, https:\/\/amerikadil.com\/wp-content\/uploads\/2023\/02\/nyc-metro-300x100.png 300w, https:\/\/amerikadil.com\/wp-content\/uploads\/2023\/02\/nyc-metro-768x256.png 768w\" sizes=\"auto, (max-width: 696px) 100vw, 696px\" \/>\t\t\t\t\t\t\t\t\t\t\t\t\t\t\t<\/div>\n\t\t\t\t<\/div>\n\t\t\t\t\t<\/div>\n\t\t<\/div>\n\t\t\t\t\t\t\t<\/div>\n\t\t<\/section>\n\t\t\t\t<section class=\"elementor-section elementor-top-section elementor-element elementor-element-01cf068 elementor-section-boxed elementor-section-height-default elementor-section-height-default\" data-id=\"01cf068\" data-element_type=\"section\">\n\t\t\t\t\t\t<div class=\"elementor-container elementor-column-gap-default\">\n\t\t\t\t\t<div class=\"elementor-column elementor-col-100 elementor-top-column elementor-element elementor-element-ed1f86c\" data-id=\"ed1f86c\" data-element_type=\"column\">\n\t\t\t<div class=\"elementor-widget-wrap elementor-element-populated\">\n\t\t\t\t\t\t\t\t<section class=\"elementor-section elementor-inner-section elementor-element elementor-element-b824068 elementor-section-boxed elementor-section-height-default elementor-section-height-default\" data-id=\"b824068\" data-element_type=\"section\">\n\t\t\t\t\t\t<div class=\"elementor-container elementor-column-gap-default\">\n\t\t\t\t\t<div class=\"elementor-column elementor-col-50 elementor-inner-column elementor-element elementor-element-9d6c4a6\" data-id=\"9d6c4a6\" data-element_type=\"column\">\n\t\t\t<div class=\"elementor-widget-wrap elementor-element-populated\">\n\t\t\t\t\t\t\t\t<div class=\"elementor-element elementor-element-223875b elementor-widget elementor-widget-text-editor\" data-id=\"223875b\" data-element_type=\"widget\" data-widget_type=\"text-editor.default\">\n\t\t\t\t<div class=\"elementor-widget-container\">\n\t\t\t<style>\/*! elementor - v3.11.1 - 15-02-2023 *\/\n.elementor-widget-text-editor.elementor-drop-cap-view-stacked .elementor-drop-cap{background-color:#818a91;color:#fff}.elementor-widget-text-editor.elementor-drop-cap-view-framed .elementor-drop-cap{color:#818a91;border:3px solid;background-color:transparent}.elementor-widget-text-editor:not(.elementor-drop-cap-view-default) .elementor-drop-cap{margin-top:8px}.elementor-widget-text-editor:not(.elementor-drop-cap-view-default) .elementor-drop-cap-letter{width:1em;height:1em}.elementor-widget-text-editor .elementor-drop-cap{float:left;text-align:center;line-height:1;font-size:50px}.elementor-widget-text-editor .elementor-drop-cap-letter{display:inline-block}<\/style>\t\t\t\t<p><b>Yemek ve K\u00fclt\u00fcr:\u00a0<\/b>New York City, k\u00fclt\u00fcrel zenginlikler bak\u0131m\u0131ndan d\u00fcnyan\u0131n \u00f6nde gelen\u00a0<span style=\"font-family: var( --e-global-typography-text-font-family ), Sans-serif; font-weight: var( --e-global-typography-text-font-weight ); font-size: 0.9375rem;\">lokasyonlar\u0131ndan birisidir. Bir\u00e7ok k\u00fcresel \u00e7aptaki k\u00fclt\u00fcr\u00fcn do\u011fum yeri olarak\u00a0<\/span><span style=\"font-family: var( --e-global-typography-text-font-family ), Sans-serif; font-weight: var( --e-global-typography-text-font-weight ); font-size: 0.9375rem;\">bilinen New York, h\u0131zl\u0131 bir hayata sahip olmas\u0131yla da bilinmektedir. Bir k\u00fclt\u00fcr\u00fcn\u00a0<\/span><span style=\"font-family: var( --e-global-typography-text-font-family ), Sans-serif; font-weight: var( --e-global-typography-text-font-weight ); font-size: 0.9375rem;\">do\u011fmas\u0131, b\u00fcy\u00fcmesi veya yok olmas\u0131 h\u0131zl\u0131ca ger\u00e7ekle\u015fmektedir. New York, soyut\u00a0<\/span><span style=\"font-family: var( --e-global-typography-text-font-family ), Sans-serif; font-weight: var( --e-global-typography-text-font-weight ); font-size: 0.9375rem;\">d\u0131\u015favurumculuk, Harlem R\u00f6nesans\u0131, stand-up g\u00f6sterileri ve hip-hop m\u00fczi\u011fin\u00a0<\/span><span style=\"font-family: var( --e-global-typography-text-font-family ), Sans-serif; font-weight: var( --e-global-typography-text-font-weight ); font-size: 0.9375rem;\">do\u011fum yerleri olarak bilinmektedir. \u015eehir, kendine has k\u00fclt\u00fcrel zenginli\u011fiyle di\u011fer\u00a0<\/span><span style=\"font-family: var( --e-global-typography-text-font-family ), Sans-serif; font-weight: var( --e-global-typography-text-font-weight ); font-size: 0.9375rem;\">k\u00fclt\u00fcrlere de n\u00fcfuz etmektedir. Moda ve sanat alan\u0131nda da d\u00fcnyan\u0131n \u00f6nde gelen\u00a0<\/span><span style=\"font-family: var( --e-global-typography-text-font-family ), Sans-serif; font-weight: var( --e-global-typography-text-font-weight ); font-size: 0.9375rem;\">\u015fehirlerinden birisidir.<\/span><\/p>\t\t\t\t\t\t<\/div>\n\t\t\t\t<\/div>\n\t\t\t\t\t<\/div>\n\t\t<\/div>\n\t\t\t\t<div class=\"elementor-column elementor-col-50 elementor-inner-column elementor-element elementor-element-b7407bc\" data-id=\"b7407bc\" data-element_type=\"column\">\n\t\t\t<div class=\"elementor-widget-wrap elementor-element-populated\">\n\t\t\t\t\t\t\t\t<div class=\"elementor-element elementor-element-9e1617e elementor-widget elementor-widget-text-editor\" data-id=\"9e1617e\" data-element_type=\"widget\" data-widget_type=\"text-editor.default\">\n\t\t\t\t<div class=\"elementor-widget-container\">\n\t\t\t\t\t\t\t<p>Bir\u00e7ok d\u00fcnyaca \u00fcnl\u00fc sanat m\u00fczesine ve moda&nbsp;<span style=\"font-family: var( --e-global-typography-text-font-family ), Sans-serif; font-weight: var( --e-global-typography-text-font-weight ); font-size: 0.9375rem;\">etkinliklerine ev sahipli\u011fi yapmaktad\u0131r. Tiyatrolar\u0131 ve sinemalar\u0131yla da performans&nbsp;<\/span><span style=\"font-family: var( --e-global-typography-text-font-family ), Sans-serif; font-weight: var( --e-global-typography-text-font-weight ); font-size: 0.9375rem;\">sanatlar\u0131nda olduk\u00e7a ba\u015far\u0131l\u0131d\u0131r. New York yemek k\u00fclt\u00fcr\u00fc konusunda son derece&nbsp;<\/span><span style=\"font-family: var( --e-global-typography-text-font-family ), Sans-serif; font-weight: var( --e-global-typography-text-font-weight ); font-size: 0.9375rem;\">zengin olup, d\u00fcnyan\u0131n neredeyse b\u00fct\u00fcn mutfaklar\u0131n\u0131 bulabilece\u011finiz bir yerdir.&nbsp;<\/span><span style=\"font-family: var( --e-global-typography-text-font-family ), Sans-serif; font-weight: var( --e-global-typography-text-font-weight ); font-size: 0.9375rem;\">D\u00fcnyan\u0131n her yerinden g\u00f6\u00e7 alan bir \u015fehir oldu\u011fu i\u00e7in, farkl\u0131 k\u00fclt\u00fcrleri bir araya&nbsp;<\/span><span style=\"font-family: var( --e-global-typography-text-font-family ), Sans-serif; font-weight: var( --e-global-typography-text-font-weight ); font-size: 0.9375rem;\">getirerek zengin bir mutfa\u011f\u0131 olmu\u015ftur. \u0130talyan pizzalar\u0131ndan \u00c7in restoranlar\u0131na,<\/span><span style=\"font-family: var( --e-global-typography-text-font-family ), Sans-serif; font-weight: var( --e-global-typography-text-font-weight ); font-size: 0.9375rem;\">Orta Avrupa simitlerinden sokak yemeklerine her t\u00fcrl\u00fc mutfaktan yemekler&nbsp;<\/span><span style=\"font-family: var( --e-global-typography-text-font-family ), Sans-serif; font-weight: var( --e-global-typography-text-font-weight ); font-size: 0.9375rem;\">mevcuttur.<\/span><\/p>\t\t\t\t\t\t<\/div>\n\t\t\t\t<\/div>\n\t\t\t\t\t<\/div>\n\t\t<\/div>\n\t\t\t\t\t\t\t<\/div>\n\t\t<\/section>\n\t\t\t\t\t<\/div>\n\t\t<\/div>\n\t\t\t\t\t\t\t<\/div>\n\t\t<\/section>\n\t\t\t\t<section class=\"elementor-section elementor-top-section elementor-element elementor-element-e75a5a1 elementor-section-boxed elementor-section-height-default elementor-section-height-default\" data-id=\"e75a5a1\" data-element_type=\"section\">\n\t\t\t\t\t\t<div class=\"elementor-container elementor-column-gap-default\">\n\t\t\t\t\t<div class=\"elementor-column elementor-col-100 elementor-top-column elementor-element elementor-element-bc7bb50\" data-id=\"bc7bb50\" data-element_type=\"column\">\n\t\t\t<div class=\"elementor-widget-wrap elementor-element-populated\">\n\t\t\t\t\t\t\t\t<div class=\"elementor-element elementor-element-8273c28 elementor-widget elementor-widget-wp-widget-text\" data-id=\"8273c28\" data-element_type=\"widget\" data-widget_type=\"wp-widget-text.default\">\n\t\t\t\t<div class=\"elementor-widget-container\">\n\t\t\t\t\t\t<div class=\"textwidget\"><p><strong>Turistik Mekanlar:<\/strong> New York, turistik olarak da olduk\u00e7a zengin bir \u015fehirdir ve her y\u0131l milyonlarca<br \/>\nturisti a\u011f\u0131rlamaktad\u0131r. Amerika\u2019n\u0131n en ikonik yap\u0131lar\u0131ndan birisi olan \u00d6zg\u00fcrl\u00fck Heykeli kesinlikle g\u00f6r\u00fclmesi gereken bir heykeldir. 1886 y\u0131l\u0131nda Fransa taraf\u0131ndan hediye edilmi\u015f olup, \u00f6zg\u00fcrl\u00fc\u011f\u00fc sembolize etmektedir. Yine \u015fehrin sembollerinden birisi olan Central Park da g\u00f6r\u00fclmesi ve d\u00fczenli olarak ziyaret edilmesi gereken yerlerden birisidir. Manhattan semtinin tam ortas\u0131nda bulunan bu devasa park, \u015fehre muhte\u015fem bir hava katmaktad\u0131r. \u015eehirde mutlaka gezilmesi gereken yerlerden birisi de Metropolitan Sanat M\u00fczesidir. \u00dc\u00e7 b\u00f6l\u00fcmden olu\u015fan m\u00fczede tam iki milyon sanat eseri bulunmaktad\u0131r. Bu sanat eserlerinden baz\u0131lar\u0131 5,000 y\u0131l kadar geriye gitmektedir. New York\u2019taki en pop\u00fcler turistik yap\u0131lardan birisi de Empire State Binas\u0131\u2019d\u0131r. Tepesinden b\u00fct\u00fcn \u015fehri g\u00f6rebilece\u011finiz bina 1931 y\u0131l\u0131nda a\u00e7\u0131lm\u0131\u015f ve \u00e7ok say\u0131da turist \u00e7ekmi\u015ftir. Yo\u011fun saatlerde binaya giri\u015f s\u0131ralar\u0131 \u00e7ok<br \/>\nuzun olabilmektedir. Amerika Do\u011fal Tarih M\u00fczesi gezegenimiz hakk\u0131nda ilgi \u00e7ekici bilgiler sunmakta ve d\u00fcnyan\u0131n her taraf\u0131ndan bilim ve \u00e7evre ile ilgili eserleri sergilemektedir.<\/p>\n<\/div>\n\t\t\t\t<\/div>\n\t\t\t\t<\/div>\n\t\t\t\t\t<\/div>\n\t\t<\/div>\n\t\t\t\t\t\t\t<\/div>\n\t\t<\/section>\n\t\t\t\t<section class=\"elementor-section elementor-top-section elementor-element elementor-element-2ab6311 elementor-section-boxed elementor-section-height-default elementor-section-height-default\" data-id=\"2ab6311\" data-element_type=\"section\">\n\t\t\t\t\t\t<div class=\"elementor-container elementor-column-gap-default\">\n\t\t\t\t\t<div class=\"elementor-column elementor-col-50 elementor-top-column elementor-element elementor-element-76ab082\" data-id=\"76ab082\" data-element_type=\"column\">\n\t\t\t<div class=\"elementor-widget-wrap elementor-element-populated\">\n\t\t\t\t\t\t\t\t<div class=\"elementor-element elementor-element-19c6715 elementor-widget elementor-widget-image\" data-id=\"19c6715\" data-element_type=\"widget\" data-widget_type=\"image.default\">\n\t\t\t\t<div class=\"elementor-widget-container\">\n\t\t\t\t\t\t\t\t\t\t\t\t\t\t\t<img loading=\"lazy\" decoding=\"async\" width=\"500\" height=\"400\" src=\"https:\/\/amerikadil.com\/wp-content\/uploads\/2023\/02\/Ozgurluk-Heykeli-yazi-foto.png\" class=\"attachment-large size-large wp-image-322\" alt=\"\" srcset=\"https:\/\/amerikadil.com\/wp-content\/uploads\/2023\/02\/Ozgurluk-Heykeli-yazi-foto.png 500w, https:\/\/amerikadil.com\/wp-content\/uploads\/2023\/02\/Ozgurluk-Heykeli-yazi-foto-300x240.png 300w\" sizes=\"auto, (max-width: 500px) 100vw, 500px\" \/>\t\t\t\t\t\t\t\t\t\t\t\t\t\t\t<\/div>\n\t\t\t\t<\/div>\n\t\t\t\t\t<\/div>\n\t\t<\/div>\n\t\t\t\t<div class=\"elementor-column elementor-col-50 elementor-top-column elementor-element elementor-element-232b9d7\" data-id=\"232b9d7\" data-element_type=\"column\">\n\t\t\t<div class=\"elementor-widget-wrap elementor-element-populated\">\n\t\t\t\t\t\t\t\t<div class=\"elementor-element elementor-element-3d0bf72 elementor-widget elementor-widget-image\" data-id=\"3d0bf72\" data-element_type=\"widget\" data-widget_type=\"image.default\">\n\t\t\t\t<div class=\"elementor-widget-container\">\n\t\t\t\t\t\t\t\t\t\t\t\t\t\t\t<img loading=\"lazy\" decoding=\"async\" width=\"500\" height=\"400\" src=\"https:\/\/amerikadil.com\/wp-content\/uploads\/2023\/02\/Central-Park-Yazi-Foto.png\" class=\"attachment-large size-large wp-image-323\" alt=\"\" srcset=\"https:\/\/amerikadil.com\/wp-content\/uploads\/2023\/02\/Central-Park-Yazi-Foto.png 500w, https:\/\/amerikadil.com\/wp-content\/uploads\/2023\/02\/Central-Park-Yazi-Foto-300x240.png 300w\" sizes=\"auto, (max-width: 500px) 100vw, 500px\" \/>\t\t\t\t\t\t\t\t\t\t\t\t\t\t\t<\/div>\n\t\t\t\t<\/div>\n\t\t\t\t\t<\/div>\n\t\t<\/div>\n\t\t\t\t\t\t\t<\/div>\n\t\t<\/section>\n\t\t\t\t\t\t\t<\/div>\n\t\t","protected":false},"excerpt":{"rendered":"<p>NEW YORK Yakla\u015f\u0131k olarak 1624 y\u0131l\u0131nda yerle\u015fildi\u011fi kabul edilen New York City, Amerika Birle\u015fik Devletleri\u2019nin en kalabal\u0131k \u015fehri olarak bilinmektedir. New York eyaletine ba\u011fl\u0131 New York City, Amerika\u2019n\u0131n kuzeydo\u011fu b\u00f6lgesinde, Atlantik Okyanusu\u2019na uzanan bir b\u00f6lgede konumlanm\u0131\u015ft\u0131r. New York City, k\u00fcresel \u00e7apta bir k\u00fclt\u00fcrel, finansal ve e\u011flence merkezidir. \u015eehir devasa bir metropold\u00fcr ve \u00e7ok \u00e7e\u015fitli k\u00fclt\u00fcrlere<\/p><\/div>\n<div class=\"blog-btn\"><a href=\"https:\/\/amerikadil.com\/?page_id=311\" class=\"home-blog-btn\">Daha fazlas\u0131n\u0131 oku<\/a><\/p>\n","protected":false},"author":1,"featured_media":0,"parent":0,"menu_order":0,"comment_status":"closed","ping_status":"closed","template":"","meta":{"footnotes":""},"class_list":["post-311","page","type-page","status-publish","hentry"],"_links":{"self":[{"href":"https:\/\/amerikadil.com\/index.php?rest_route=\/wp\/v2\/pages\/311","targetHints":{"allow":["GET"]}}],"collection":[{"href":"https:\/\/amerikadil.com\/index.php?rest_route=\/wp\/v2\/pages"}],"about":[{"href":"https:\/\/amerikadil.com\/index.php?rest_route=\/wp\/v2\/types\/page"}],"author":[{"embeddable":true,"href":"https:\/\/amerikadil.com\/index.php?rest_route=\/wp\/v2\/users\/1"}],"replies":[{"embeddable":true,"href":"https:\/\/amerikadil.com\/index.php?rest_route=%2Fwp%2Fv2%2Fcomments&post=311"}],"version-history":[{"count":6,"href":"https:\/\/amerikadil.com\/index.php?rest_route=\/wp\/v2\/pages\/311\/revisions"}],"predecessor-version":[{"id":326,"href":"https:\/\/amerikadil.com\/index.php?rest_route=\/wp\/v2\/pages\/311\/revisions\/326"}],"wp:attachment":[{"href":"https:\/\/amerikadil.com\/index.php?rest_route=%2Fwp%2Fv2%2Fmedia&parent=311"}],"curies":[{"name":"wp","href":"https:\/\/api.w.org\/{rel}","templated":true}]}}